{"id":103,"date":"2025-03-11T16:42:20","date_gmt":"2025-03-11T15:42:20","guid":{"rendered":"https:\/\/lapatteduloup.fr\/?page_id=103"},"modified":"2025-10-13T08:13:34","modified_gmt":"2025-10-13T06:13:34","slug":"reservation","status":"publish","type":"page","link":"https:\/\/lapatteduloup.fr\/index.php\/reservation\/","title":{"rendered":"R\u00e9servation"},"content":{"rendered":"\n<h1 class=\"wp-block-heading\" style=\"font-size:29px;font-style:normal;font-weight:500\">Lors du premier contact<\/h1>\n\n\n\n<p>Que ce soit par t\u00e9l\u00e9phone ou par email, nous serons ravis de r\u00e9pondre \u00e0 vos interrogations. Mais il sera plus simple pour tout le monde que vous nous contactiez <strong>dans un premier temps par email<\/strong>, avec d\u00e9j\u00e0 les r\u00e9ponses aux questions suivantes :<\/p>\n\n\n\n<ul class=\"wp-block-list\">\n<li>Pour quelles raisons souhaitez-vous acqu\u00e9rir un chien ?<\/li>\n\n\n\n<li>S&rsquo;agit-il d&rsquo;une volont\u00e9 partag\u00e9e au sein de votre famille ?<\/li>\n\n\n\n<li>Des membres de la famille sont-ils allergiques aux poils de chien ?<\/li>\n\n\n\n<li>Avez-vous d&rsquo;autres animaux ? Si oui, avez-vous r\u00e9fl\u00e9chi aux r\u00e9actions de ceux-ci ?<\/li>\n\n\n\n<li>\u00cates vous pr\u00eats \u00e0 vous engager sur une longue dur\u00e9e et avez-vous le temps n\u00e9cessaire pour vous occuper d&rsquo;un chien tous les jours ?<\/li>\n\n\n\n<li>Avez-vous les moyens financiers pour supporter les frais fixes et impr\u00e9visibles ?<\/li>\n\n\n\n<li>Disposez-vous de l&rsquo;espace n\u00e9cessaire pour l&rsquo;accueillir ? (maison, jardin&#8230;)<\/li>\n\n\n\n<li>Votre logement est il suffisamment s\u00e9curis\u00e9 et adapt\u00e9 pour accueillir un chien ? (cl\u00f4ture&#8230;)<\/li>\n\n\n\n<li>Votre choix se porterait-il sur une femelle ou un m\u00e2le ?<\/li>\n\n\n\n<li>Serez-vous en mesure de maintenir chez votre chien un bon niveau de familiarisation avec les humains et les autres animaux ainsi qu&rsquo;un bon niveau de sociabilisation avec ses cong\u00e9n\u00e8res ?<\/li>\n\n\n\n<li>Quelles solutions de garde envisagez-vous lors de vos d\u00e9parts en week-end ou en vacances ?<\/li>\n\n\n\n<li>Avez-vous r\u00e9fl\u00e9chi aux solutions \u00e0 mettre en \u0153uvre en cas de probl\u00e8mes ? (aboiements, agressivit\u00e9, destruction&#8230;) <\/li>\n\n\n\n<li>Quelles raisons vous orientent sur le choix d&rsquo;un Altdeutsche Sch\u00e4ferhunde (AS) ?<\/li>\n\n\n\n<li>Quelles activit\u00e9s aimeriez-vous faire avec votre futur AS ? <\/li>\n\n\n\n<li>Avez-vous pr\u00e9vu de faire confirmer et\/ou reproduire votre futur AS ? <br>Si vous avez r\u00e9pondu OUI concernant la reproduction, n&rsquo;h\u00e9sitez pas \u00e0 consulter le <a href=\"https:\/\/ucfas.fr\/index.php?page=reproduction\" title=\"\">site internet de l&rsquo;UCFAS<\/a>.<\/li>\n\n\n\n<li>A partir de quand souhaiteriez-vous adopter un AS ?<\/li>\n<\/ul>\n\n\n\n<figure class=\"wp-block-image aligncenter size-large is-resized\"><img loading=\"lazy\" decoding=\"async\" width=\"1452\" height=\"968\" src=\"https:\/\/lapatteduloup.fr\/wp-content\/uploads\/2025\/03\/IMG_2528-edited.jpg\" alt=\"\" class=\"wp-image-1363\" style=\"width:465px;height:auto\" srcset=\"https:\/\/lapatteduloup.fr\/wp-content\/uploads\/2025\/03\/IMG_2528-edited.jpg 1452w, https:\/\/lapatteduloup.fr\/wp-content\/uploads\/2025\/03\/IMG_2528-edited-300x200.jpg 300w, https:\/\/lapatteduloup.fr\/wp-content\/uploads\/2025\/03\/IMG_2528-edited-1024x683.jpg 1024w, https:\/\/lapatteduloup.fr\/wp-content\/uploads\/2025\/03\/IMG_2528-edited-768x512.jpg 768w\" sizes=\"auto, (max-width: 1452px) 100vw, 1452px\" \/><\/figure>\n\n\n\n<div style=\"height:20px\" aria-hidden=\"true\" class=\"wp-block-spacer\"><\/div>\n\n\n\n<h1 class=\"wp-block-heading\" style=\"font-size:29px;font-style:normal;font-weight:500\">Tarif<\/h1>\n\n\n\n<p>Nos chiots sont vendus au prix de <strong>1 520 \u20ac<\/strong> quelle que soit leur couleur, \u00e0 partir de leur <strong>9<sup>\u00e8me<\/sup> semaine<\/strong>. Ils sont vendus en tant qu&rsquo;animaux de compagnie, et non comme reproducteurs, chiens de chasse ou tout autre appellation.<\/p>\n\n\n\n<p>Pourquoi ce prix ? Plusieurs raisons \u00e0 cela :<\/p>\n\n\n\n<ul class=\"wp-block-list\">\n<li>Nos chiots sont nourris avec une alimentation de qualit\u00e9 et b\u00e9n\u00e9ficient de nombreuses structures d&rsquo;\u00e9veil<\/li>\n\n\n\n<li>Nos chiens ont \u00e9t\u00e9 confirm\u00e9s, r\u00e9pondent au standard de la race de l&rsquo;Altdeutsche Sch\u00e4ferhunde et poss\u00e8dent un Pedigree IHR<\/li>\n\n\n\n<li>Nos chiens ont pass\u00e9s les tests de sant\u00e9 suivants : HD, ED, MD, MDR1, NAH, VTL, Identification et bilan g\u00e9n\u00e9tique<\/li>\n\n\n\n<li>Nous prenons soin \u00e0 identifier les temp\u00e9raments des chiots au cours de leur s\u00e9jour \u00e0 l&rsquo;\u00e9levage<\/li>\n\n\n\n<li>Nos chiens passent dans les mains d&rsquo;un ost\u00e9opathe animalier au moins une fois par an<\/li>\n\n\n\n<li>Notre \u00e9levage est affili\u00e9 \u00e0 l&rsquo;UCFAS<\/li>\n\n\n\n<li>Nous cherchons continuellement \u00e0 nous former et \u00e0 d\u00e9velopper nos comp\u00e9tences en lien avec les chiens<\/li>\n<\/ul>\n\n\n\n<div style=\"height:20px\" aria-hidden=\"true\" class=\"wp-block-spacer\"><\/div>\n\n\n\n<h1 class=\"wp-block-heading\" style=\"font-size:29px;font-style:normal;font-weight:500\">Choix du chiot<\/h1>\n\n\n\n<p>Le choix du chiot sera effectu\u00e9 conjointement entre vous et nous, afin de s&rsquo;assurer du bien-\u00eatre et de l&rsquo;\u00e9panouissement du chiot mais \u00e9galement du v\u00f4tre.<\/p>\n\n\n\n<p>Nous pratiquons des tests de temp\u00e9rament sur les chiots autour de la 7<sup>\u00e8me<\/sup> semaine, afin d&rsquo;\u00e9valuer les caract\u00e8res et personnalit\u00e9s des chiots. Ce test n&rsquo;assure pas du temp\u00e9rament futur du chien mais donne une tendance, en effet celui-ci \u00e9voluera au cours de sa vie compte tenu de ses exp\u00e9riences, de son environnement et de ses relations sociales.<\/p>\n\n\n\n<figure class=\"wp-block-image aligncenter size-large is-resized\"><img loading=\"lazy\" decoding=\"async\" width=\"1165\" height=\"1091\" src=\"https:\/\/lapatteduloup.fr\/wp-content\/uploads\/2025\/03\/20171227_143650-edited.jpg\" alt=\"\" class=\"wp-image-1361\" style=\"width:355px;height:auto\" srcset=\"https:\/\/lapatteduloup.fr\/wp-content\/uploads\/2025\/03\/20171227_143650-edited.jpg 1165w, https:\/\/lapatteduloup.fr\/wp-content\/uploads\/2025\/03\/20171227_143650-edited-300x281.jpg 300w, https:\/\/lapatteduloup.fr\/wp-content\/uploads\/2025\/03\/20171227_143650-edited-1024x959.jpg 1024w, https:\/\/lapatteduloup.fr\/wp-content\/uploads\/2025\/03\/20171227_143650-edited-768x719.jpg 768w\" sizes=\"auto, (max-width: 1165px) 100vw, 1165px\" \/><\/figure>\n\n\n\n<div style=\"height:20px\" aria-hidden=\"true\" class=\"wp-block-spacer\"><\/div>\n\n\n\n<h1 class=\"wp-block-heading\" style=\"font-size:29px;font-style:normal;font-weight:500\">La naissance<\/h1>\n\n\n\n<p class=\"has-body-text-color has-text-color has-link-color wp-elements-146f3663da7d6c410948bb988434ed04\">Le moment de la naissance est particulier, il peut osciller entre une joie immense et une terrible tristesse&#8230; Il peut osciller entre une port\u00e9e de 6 beaux petits chiots avec un parfait r\u00e9tablissement pour la m\u00e8re ; ou la mort de quelques chiots voire de toute la port\u00e9e et de la m\u00e8re lors de la mise bas&#8230;<\/p>\n\n\n\n<p>Au cours des semaines qui suivront, nous partagerons r\u00e9guli\u00e8rement des photos de la port\u00e9e, afin que vous puissiez constater leur \u00e9volution sur la page d\u00e9di\u00e9e dans les <a href=\"https:\/\/lapatteduloup.fr\/index.php\/en-cours\/\" title=\"En cours\">Port\u00e9es en cours<\/a>.<\/p>\n\n\n\n<p>Nous vous ferons \u00e9galement parvenir un Certificat d&rsquo;engagement et de connaissance du chien, document obligatoire qui a pour objectif de vous donner toutes les informations pour accueillir au mieux votre chien, et de vous engager \u00e0 respecter les besoins de l&rsquo;animal.<br>Ce certificat devra nous \u00eatre retourn\u00e9 sign\u00e9 par vous, au plus tard <strong>7 jours avant la vente effective du chiot<\/strong> (d\u00e9lai l\u00e9gal non compressible).<\/p>\n\n\n\n<div style=\"height:20px\" aria-hidden=\"true\" class=\"wp-block-spacer\"><\/div>\n\n\n\n<h1 class=\"wp-block-heading\" style=\"font-size:29px;font-style:normal;font-weight:500\">Le Jour J<\/h1>\n\n\n\n<p>Avant de venir chercher votre chiot tant attendu, il est pr\u00e9f\u00e9rable que les membres du foyer se mettent d&rsquo;accord pour d\u00e9cider de ce que le chien aura le droit de faire ou non. Le chien a besoin d&rsquo;un cadre clair et coh\u00e9rent.<\/p>\n\n\n\n<p>A la suite de votre venue, vous repartirez avec :<\/p>\n\n\n\n<ul class=\"wp-block-list\">\n<li>Votre chiot !<\/li>\n\n\n\n<li>Contrat de vente (attestation de cession)<\/li>\n\n\n\n<li>Certificat v\u00e9t\u00e9rinaire de bonne sant\u00e9<\/li>\n\n\n\n<li>Certificat d&rsquo;engagement et de connaissance du chien \/ Document d&rsquo;information<\/li>\n\n\n\n<li>Carnet de sant\u00e9 \/ Passeport europ\u00e9en<\/li>\n\n\n\n<li>Certificat provisoire d&rsquo;identification I-CAD<\/li>\n\n\n\n<li>Photocopies des tests de sant\u00e9 du p\u00e8re et de la m\u00e8re du chiot<\/li>\n\n\n\n<li>Kit chiot<\/li>\n<\/ul>\n\n\n\n<p>Le Pedigree IHR et la carte d&rsquo;identification d\u00e9finitive I-CAD vous seront transmis d\u00e8s que nous les recevrons \u00e0 l&rsquo;\u00e9levage. Cela peut parfois prendre jusqu&rsquo;\u00e0 deux mois, notamment pour le pedigree qui est \u00e9dit\u00e9 en Allemagne.<\/p>\n\n\n\n<div style=\"height:20px\" aria-hidden=\"true\" class=\"wp-block-spacer\"><\/div>\n\n\n\n<h1 class=\"wp-block-heading\" style=\"font-size:29px;font-style:normal;font-weight:500\">Et apr\u00e8s ?<\/h1>\n\n\n\n<p>Nous restons attach\u00e9s aux chiots que nous avons vu na\u00eetre, grandir et \u00e9voluer, c&rsquo;est pourquoi nous appr\u00e9cions grandement que les nouveaux propri\u00e9taires de chiots de La Patte du Loup nous donnent des nouvelles et des photos. Nous nous tenons \u00e9galement \u00e0 la disposition des nouveaux propri\u00e9taires pour les accompagner.<\/p>\n\n\n\n<p>Nous vous invitons \u00e9galement \u00e0 participer aux R\u00e9gionales d\u2019\u00c9levage pour faire confirmer et exposer votre chiot, vous trouverez des informations sur notre site ainsi que sur le <a href=\"https:\/\/ucfas.fr\/index.php?page=confirmation\" title=\"site internet de l'UCFAS\">site internet de l&rsquo;UCFAS<\/a>.<\/p>\n\n\n\n<figure class=\"wp-block-image aligncenter size-large is-resized\"><img loading=\"lazy\" decoding=\"async\" width=\"1024\" height=\"768\" src=\"https:\/\/lapatteduloup.fr\/wp-content\/uploads\/2025\/03\/20230726_124049-edited-1024x768.jpg\" alt=\"\" class=\"wp-image-1314\" style=\"width:471px;height:auto\" srcset=\"https:\/\/lapatteduloup.fr\/wp-content\/uploads\/2025\/03\/20230726_124049-edited-1024x768.jpg 1024w, https:\/\/lapatteduloup.fr\/wp-content\/uploads\/2025\/03\/20230726_124049-edited-300x225.jpg 300w, https:\/\/lapatteduloup.fr\/wp-content\/uploads\/2025\/03\/20230726_124049-edited-768x576.jpg 768w, https:\/\/lapatteduloup.fr\/wp-content\/uploads\/2025\/03\/20230726_124049-edited-1536x1152.jpg 1536w, https:\/\/lapatteduloup.fr\/wp-content\/uploads\/2025\/03\/20230726_124049-edited-2048x1536.jpg 2048w\" sizes=\"auto, (max-width: 1024px) 100vw, 1024px\" \/><\/figure>\n","protected":false},"excerpt":{"rendered":"<p>Lors du premier contact Que ce soit par t\u00e9l\u00e9phone ou par email, nous serons ravis de r\u00e9pondre \u00e0 vos interrogations. Mais il sera plus simple pour tout le monde que vous nous contactiez dans un premier temps par email, avec d\u00e9j\u00e0 les r\u00e9ponses aux questions suivantes : Tarif Nos chiots sont vendus au prix de [&hellip;]<\/p>\n","protected":false},"author":1,"featured_media":0,"parent":0,"menu_order":0,"comment_status":"closed","ping_status":"closed","template":"","meta":{"ngg_post_thumbnail":0,"footnotes":""},"class_list":["post-103","page","type-page","status-publish","hentry"],"aioseo_notices":[],"_links":{"self":[{"href":"https:\/\/lapatteduloup.fr\/index.php\/wp-json\/wp\/v2\/pages\/103","targetHints":{"allow":["GET"]}}],"collection":[{"href":"https:\/\/lapatteduloup.fr\/index.php\/wp-json\/wp\/v2\/pages"}],"about":[{"href":"https:\/\/lapatteduloup.fr\/index.php\/wp-json\/wp\/v2\/types\/page"}],"author":[{"embeddable":true,"href":"https:\/\/lapatteduloup.fr\/index.php\/wp-json\/wp\/v2\/users\/1"}],"replies":[{"embeddable":true,"href":"https:\/\/lapatteduloup.fr\/index.php\/wp-json\/wp\/v2\/comments?post=103"}],"version-history":[{"count":26,"href":"https:\/\/lapatteduloup.fr\/index.php\/wp-json\/wp\/v2\/pages\/103\/revisions"}],"predecessor-version":[{"id":1839,"href":"https:\/\/lapatteduloup.fr\/index.php\/wp-json\/wp\/v2\/pages\/103\/revisions\/1839"}],"wp:attachment":[{"href":"https:\/\/lapatteduloup.fr\/index.php\/wp-json\/wp\/v2\/media?parent=103"}],"curies":[{"name":"wp","href":"https:\/\/api.w.org\/{rel}","templated":true}]}}