{"id":100,"date":"2025-02-25T08:35:08","date_gmt":"2025-02-25T07:35:08","guid":{"rendered":"https:\/\/lapatteduloup.fr\/?page_id=100"},"modified":"2025-09-13T14:49:35","modified_gmt":"2025-09-13T12:49:35","slug":"club-de-race","status":"publish","type":"page","link":"https:\/\/lapatteduloup.fr\/index.php\/club-de-race\/","title":{"rendered":"Club de race"},"content":{"rendered":"\n<p>A ce jour, l&rsquo;Altdeutsche Sch\u00e4ferhunde (AS) n&rsquo;est pas une race reconnue par la F\u00e9d\u00e9ration Cynologique Internationale (FCI), ni par la Soci\u00e9t\u00e9 Centrale Canine (SCC). Il ne poss\u00e8de donc pas de standard de race \u00e0 travers ces organisations et ne peut donc pas \u00eatre rattach\u00e9 au Livre des Origines Fran\u00e7ais.<\/p>\n\n\n\n<div class=\"wp-block-media-text is-stacked-on-mobile\" style=\"grid-template-columns:22% auto\"><figure class=\"wp-block-media-text__media\"><img loading=\"lazy\" decoding=\"async\" width=\"512\" height=\"354\" src=\"https:\/\/lapatteduloup.fr\/wp-content\/uploads\/2024\/03\/logo-ucfas.png\" alt=\"\" class=\"wp-image-263 size-full\" srcset=\"https:\/\/lapatteduloup.fr\/wp-content\/uploads\/2024\/03\/logo-ucfas.png 512w, https:\/\/lapatteduloup.fr\/wp-content\/uploads\/2024\/03\/logo-ucfas-300x207.png 300w\" sizes=\"auto, (max-width: 512px) 100vw, 512px\" \/><\/figure><div class=\"wp-block-media-text__content\">\n<p>Cependant il existe en France, l&rsquo;<strong>Union Cynophile Fran\u00e7aise de l&rsquo;Altdeutsche Sch\u00e4ferhunde (UCFAS)<\/strong>, une association qui est engag\u00e9e dans :<\/p>\n\n\n\n<ul class=\"wp-block-list\">\n<li>La promotion et l&rsquo;am\u00e9lioration de la race,<\/li>\n\n\n\n<li>L&rsquo;encouragement de l&rsquo;\u00e9levage responsable,<\/li>\n\n\n\n<li>Le d\u00e9veloppement de l&rsquo;utilisation de l&rsquo;AS.<\/li>\n<\/ul>\n<\/div><\/div>\n\n\n\n<p>C&rsquo;est \u00e0 travers cette association qu&rsquo;un standard de la race existe et perdure, voir <a href=\"https:\/\/lapatteduloup.fr\/index.php\/standard\/\" title=\"Standard\">notre page d\u00e9di\u00e9e<\/a>.<\/p>\n\n\n\n<p>Les adh\u00e9sions \u00e0 l&rsquo;UCFAS lui permettent d\u2019organiser des nationales et des r\u00e9gionales d\u2019\u00e9levage, offrant la possibilit\u00e9 aux propri\u00e9taires d&rsquo;AS de faire <strong>confirmer leur chien<\/strong> en France et de rencontrer d&rsquo;autres propri\u00e9taires d\u2019AS.<br>Pour plus d&rsquo;informations sur l&rsquo;adh\u00e9sion \u00e0 l&rsquo;UCFAS, les dates des r\u00e9gionales et nationales d&rsquo;\u00e9levage et plein d&rsquo;autre ressources, consultez <a href=\"https:\/\/ucfas.fr\/index.php?page=adhesions\" title=\"\">le site internet de l&rsquo;UCFAS<\/a>.<\/p>\n\n\n\n<p>Les <strong>\u00e9leveurs affili\u00e9s \u00e0 l&rsquo;UCFAS<\/strong> sont consultables sur le <a href=\"https:\/\/ucfas.fr\/index.php?page=carte\" title=\"\">site internet de l&rsquo;UCFAS<\/a>.<\/p>\n\n\n\n<div style=\"height:14px\" aria-hidden=\"true\" class=\"wp-block-spacer\"><\/div>\n\n\n\n<p>Notre \u00e9levage est affili\u00e9 \u00e0 l&rsquo;UCFAS depuis sa cr\u00e9ation en 2024 (n\u00b0 d&rsquo;adh\u00e9rent 269), ce qui entra\u00eene plusieurs choses :<\/p>\n\n\n\n<ul class=\"wp-block-list\">\n<li>obligation de respecter une \u00e9thique d&rsquo;\u00e9levage rigoureuse et d&rsquo;informer les adoptants sur la race de l&rsquo;Altdeutsche Sch\u00e4ferhunde<\/li>\n\n\n\n<li>respect de la <a href=\"https:\/\/ucfas.fr\/index.php?page=reglementation,elevage\" title=\"r\u00e9glementation d'\u00e9levage de l'UCFAS\">r\u00e9glementation d&rsquo;\u00e9levage de l&rsquo;UCFAS<\/a><\/li>\n\n\n\n<li>validation des mariages par l&rsquo;UCFAS apr\u00e8s \u00e9tude des pedigrees, des identifications g\u00e9n\u00e9tique, des tests de sant\u00e9 et du taux de consanguinit\u00e9<\/li>\n\n\n\n<li>L\u2019UCFAS est en droit de venir inspecter les \u00e9levages membres<\/li>\n<\/ul>\n\n\n\n<div style=\"height:13px\" aria-hidden=\"true\" class=\"wp-block-spacer\"><\/div>\n\n\n\n<figure class=\"wp-block-image aligncenter size-large is-resized\"><img loading=\"lazy\" decoding=\"async\" width=\"1395\" height=\"930\" src=\"https:\/\/lapatteduloup.fr\/wp-content\/uploads\/2025\/09\/IMG_2359-edited.jpg\" alt=\"\" class=\"wp-image-1457\" style=\"width:557px;height:auto\" srcset=\"https:\/\/lapatteduloup.fr\/wp-content\/uploads\/2025\/09\/IMG_2359-edited.jpg 1395w, https:\/\/lapatteduloup.fr\/wp-content\/uploads\/2025\/09\/IMG_2359-edited-300x200.jpg 300w, https:\/\/lapatteduloup.fr\/wp-content\/uploads\/2025\/09\/IMG_2359-edited-1024x683.jpg 1024w, https:\/\/lapatteduloup.fr\/wp-content\/uploads\/2025\/09\/IMG_2359-edited-768x512.jpg 768w\" sizes=\"auto, (max-width: 1395px) 100vw, 1395px\" \/><\/figure>\n","protected":false},"excerpt":{"rendered":"<p>A ce jour, l&rsquo;Altdeutsche Sch\u00e4ferhunde (AS) n&rsquo;est pas une race reconnue par la F\u00e9d\u00e9ration Cynologique Internationale (FCI), ni par la Soci\u00e9t\u00e9 Centrale Canine (SCC). Il ne poss\u00e8de donc pas de standard de race \u00e0 travers ces organisations et ne peut donc pas \u00eatre rattach\u00e9 au Livre des Origines Fran\u00e7ais. C&rsquo;est \u00e0 travers cette association qu&rsquo;un [&hellip;]<\/p>\n","protected":false},"author":1,"featured_media":0,"parent":0,"menu_order":0,"comment_status":"closed","ping_status":"closed","template":"","meta":{"ngg_post_thumbnail":0,"footnotes":""},"class_list":["post-100","page","type-page","status-publish","hentry"],"aioseo_notices":[],"_links":{"self":[{"href":"https:\/\/lapatteduloup.fr\/index.php\/wp-json\/wp\/v2\/pages\/100","targetHints":{"allow":["GET"]}}],"collection":[{"href":"https:\/\/lapatteduloup.fr\/index.php\/wp-json\/wp\/v2\/pages"}],"about":[{"href":"https:\/\/lapatteduloup.fr\/index.php\/wp-json\/wp\/v2\/types\/page"}],"author":[{"embeddable":true,"href":"https:\/\/lapatteduloup.fr\/index.php\/wp-json\/wp\/v2\/users\/1"}],"replies":[{"embeddable":true,"href":"https:\/\/lapatteduloup.fr\/index.php\/wp-json\/wp\/v2\/comments?post=100"}],"version-history":[{"count":22,"href":"https:\/\/lapatteduloup.fr\/index.php\/wp-json\/wp\/v2\/pages\/100\/revisions"}],"predecessor-version":[{"id":1597,"href":"https:\/\/lapatteduloup.fr\/index.php\/wp-json\/wp\/v2\/pages\/100\/revisions\/1597"}],"wp:attachment":[{"href":"https:\/\/lapatteduloup.fr\/index.php\/wp-json\/wp\/v2\/media?parent=100"}],"curies":[{"name":"wp","href":"https:\/\/api.w.org\/{rel}","templated":true}]}}